{"id":15,"date":"2018-02-05T10:34:14","date_gmt":"2018-02-05T10:34:14","guid":{"rendered":"http:\/\/www.diversamente.ch\/?page_id=15"},"modified":"2018-10-24T09:57:52","modified_gmt":"2018-10-24T09:57:52","slug":"giornata-mondiale-per-la-consapevolezza-dellautismo","status":"publish","type":"page","link":"https:\/\/www.diversamente.ch\/index.php\/eventi\/giornata-mondiale-per-la-consapevolezza-dellautismo\/","title":{"rendered":"3\u00b0 momento &#8211; Giornata mondiale 2018 per la consapevolezza dell&#8217;autismo"},"content":{"rendered":"<p><em>Clicca per il <a href=\"http:\/\/www.diversamente.ch\/wp-content\/uploads\/2018\/02\/locandina_2018.pdf\">programma<\/a> delle due giornate (PDF)<\/em><\/p>\n<p><em><strong>Accedi alla cartella stampa<\/strong>:\u00a0 <a href=\"http:\/\/www.diversamente.ch\/wp-content\/uploads\/2018\/04\/GM_2018_Comunicato-stampa.pdf\">Giornata Mondiale _2018_Comunicato- stampa<\/a> <\/em> ; <a href=\"http:\/\/www.diversamente.ch\/wp-content\/uploads\/2018\/04\/Allegato1_IRDM_GM-2018.pdf\"><em>Il Re Del Mercato_GM-2018<\/em><\/a> ; <a href=\"http:\/\/www.diversamente.ch\/wp-content\/uploads\/2018\/04\/Allegato2_Temple_Grandin.pdf\"><em>Dossier_Temple_Grandin<\/em><\/a><\/p>\n<table width=\"486\">\n<tbody>\n<tr>\n<td width=\"89\"><strong>Venerdi 13 aprile<\/strong><\/p>\n<p>GranRex<br \/>\nLocarno<\/p>\n<p><strong>\u00a0<\/strong><\/td>\n<td width=\"396\"><em>\u00a0<\/em><\/p>\n<p><em>14.00-16.30<br \/>\n<\/em><strong>&#8220;<em>Temple Grandin. Il mondo ha bisogno di tutti i tipi di mente<\/em>&#8220;<\/strong>. Spettacolo teatrale, tavola rotonda e dibattito: riservato a studenti SUPSI-DEASS Formazione di base e continua.<\/p>\n<p><em>20.15<br \/>\n<strong>Saluto della Citt\u00e0 di Locarno<\/strong><\/em> e spettacolo teatrale aperto al pubblico: \u201d<em><strong>Temple Grandin. Il mondo ha bisogno di tutti i tipi di mente<\/strong><\/em>\u201d. Spettacolo offerto da Fondazione Rinaldi (Istituto Miralago, Brissago). <span style=\"color: #999999;\"><em>Iscrizione obbligatoria presso\u00a0<a style=\"color: #999999;\" href=\"mailto:centrodoc@fondazioneares.com\">centrodoc@fondazioneares.com<\/a><\/em><\/span><\/p>\n<p><a href=\"http:\/\/www.diversamente.ch\/wp-content\/uploads\/2018\/02\/DOSSIER_TEMPLE.pdf\"><em><img loading=\"lazy\" decoding=\"async\" class=\"alignleft size-medium wp-image-246\" src=\"http:\/\/www.diversamente.ch\/wp-content\/uploads\/2018\/02\/thumb_grandin-211x300.png\" alt=\"\" width=\"211\" height=\"300\" srcset=\"https:\/\/www.diversamente.ch\/wp-content\/uploads\/2018\/02\/thumb_grandin-211x300.png 211w, https:\/\/www.diversamente.ch\/wp-content\/uploads\/2018\/02\/thumb_grandin.png 501w\" sizes=\"(max-width: 211px) 100vw, 211px\" \/><\/em><\/a><\/p>\n<p><em>Clicca per la <a href=\"http:\/\/www.diversamente.ch\/wp-content\/uploads\/2018\/02\/locandina_temple_grandin_2018.pdf\">locandina<\/a> e per il <a href=\"http:\/\/www.diversamente.ch\/wp-content\/uploads\/2018\/02\/DOSSIER_TEMPLE.pdf\">dossier<\/a><\/em><\/td>\n<\/tr>\n<tr>\n<td width=\"89\"><strong>Sabato 14 aprile<\/strong><\/p>\n<p>Piazza San Francesco<\/p>\n<p>e<\/p>\n<p>SUPSI-DFA, Stabile Ex Magistrale, Locarno<\/td>\n<td width=\"396\"><em><a href=\"http:\/\/www.diversamente.ch\/wp-content\/uploads\/2018\/02\/locandina_2018.pdf\"><img loading=\"lazy\" decoding=\"async\" class=\"alignleft wp-image-245\" src=\"http:\/\/www.diversamente.ch\/wp-content\/uploads\/2018\/02\/thumb_giornataAutismo-229x300.png\" alt=\"\" width=\"211\" height=\"276\" srcset=\"https:\/\/www.diversamente.ch\/wp-content\/uploads\/2018\/02\/thumb_giornataAutismo-229x300.png 229w, https:\/\/www.diversamente.ch\/wp-content\/uploads\/2018\/02\/thumb_giornataAutismo.png 317w\" sizes=\"(max-width: 211px) 100vw, 211px\" \/><\/a>Dalle 13.00 alle 18.30 <\/em><\/p>\n<p>Mercatino Benefico a cura dei commercianti di Locarno e delle Fondazioni del territorio<br \/>\nPerformances Musicali a cura di Ninfea Blues Band &amp; Band D\u2019Eben-H\u00e9zer (Lausanne)<br \/>\nProgetto autismo svizzera italiana (asi)- Teatro DanzAbile &#8211; Trio Valsangiacomo \u2013 \u201cInsieme per l\u2019Autismo\u201d<\/p>\n<p><strong>Attivit\u00e0 di animazione e formative ad ingresso libero con iscrizione obbligatoria: <\/strong><\/p>\n<p><strong><em>Per i pi\u00f9 piccoli<\/em><\/strong><\/p>\n<p><em>Tutto il pomeriggio<\/em><br \/>\nAtelier e assistenza con i volontari di atgabbes, di Comunit\u00e0 Familiare e\u00a0 del DFA-SUPSI.<br \/>\nPian Terreno, aule A011 \u2013 A013 \u2013 A014<\/p>\n<p><em>Alle 14.00, 15.30 e 17.00\u00a0<\/em><br \/>\nMezz&#8217;ora nell\u2019area Sensory-Friendly a cura del Centro Sfera Bianca, Lugano. Prenota il posto per il tuo bambino.<br \/>\nPian terreno, aula A009<\/p>\n<p><em>16.30<br \/>\n<\/em>Merenda offerta. SUPSI-DFA, Chiostrino esterno.<\/p>\n<p><em>14.00-15.15<br \/>\n<\/em>Workshop <strong>\u201cIl Re del Mercato\u201d<\/strong> \u2013 per docenti, professionisti e famigliari.<br \/>\nSala conferenze\u00a0 (1\u00b0 Piano).<\/p>\n<p><em><img loading=\"lazy\" decoding=\"async\" class=\"alignnone wp-image-331\" src=\"http:\/\/www.diversamente.ch\/wp-content\/uploads\/2018\/02\/Il-re-del-mercato_Locandina-211x300.jpg\" alt=\"\" width=\"182\" height=\"259\" srcset=\"https:\/\/www.diversamente.ch\/wp-content\/uploads\/2018\/02\/Il-re-del-mercato_Locandina-211x300.jpg 211w, https:\/\/www.diversamente.ch\/wp-content\/uploads\/2018\/02\/Il-re-del-mercato_Locandina.jpg 351w\" sizes=\"(max-width: 182px) 100vw, 182px\" \/><\/em><\/p>\n<p><em>16.00-18.15 <\/em>Aula Magna (1\u00b0 Piano)<\/p>\n<p><em><strong>\u201cIl Re del Mercato\u201d.<\/strong>\u00a0 <\/em><em>Il Film e il Progetto per le scuole. <\/em><\/p>\n<p><strong><em>Dibattito \u2026 DIVERSAMENTE!<\/em> <\/strong>Ospite: Lucio Cottini, Professore ordinario di Didattica e Pedagogia speciale presso l&#8217;Universit\u00e0 di Urbino; \u00e8 direttore del Giornale Italiano dei Disturbi del Neurosviluppo .<\/p>\n<p>&#8220;<strong><em>Il Re del Mercato&#8221;<\/em> (<\/strong>DVD, libro e tutorial) a cura di Fondazione ARES e Fondazione ANAWIM. Cerimonia di d<strong>ono del &#8220;Cofanetto&#8221; <\/strong>alle scuole elementari e medie del Canton Ticino e del Grigioni Italiano. <strong><br \/>\n<\/strong><\/p>\n<p><span style=\"color: #999999;\"><em>Per informazioni e iscrizioni: <a style=\"color: #999999;\" href=\"mailto:centrodoc@fondazioneares.com\">centrodoc@fondazioneares.com<\/a>\u00a0Si prega di specificare attivit\u00e0 e numero di persone<\/em><\/span><\/td>\n<\/tr>\n<tr>\n<td width=\"89\"><strong>\u00a0<\/strong><\/td>\n<td width=\"396\"><em>18.30<\/em><br \/>\n<strong>Chiusura della Giornata mondiale per la consapevolezza sull&#8217;autismo e della Rassegna<br \/>\n<\/strong>Considerazioni conclusive e saluti alla presenza dell\u2019Autorit\u00e0 della Citt\u00e0 di Locarno del direttore del Dipartimento della Sanit\u00e0 e della Socialit\u00e0 (DSS) Paolo Beltraminelli.Seguono: aperitivo e performance musicali<\/td>\n<\/tr>\n<\/tbody>\n<\/table>\n<p><em>Organizzato da:\u00a0<\/em>ARES &#8211; Fondazione Autismo Risorse e Sviluppo; Associazione Ticinese delle Istituzioni Sociali (ATIS); Fondazione ANAWIM; Autismo Svizzera Italiana (asi); Associazione ticinese di genitori e amici di bambini bisognosi di educazione speciale (atgabbes); Associazione Comunit\u00e0 familiare (Cf); Centro di competenze Bisogni Educativi Scuola e Societ\u00e0 (BESS) SUPSI-DFA.<\/p>\n","protected":false},"excerpt":{"rendered":"<p>Clicca per il programma delle due giornate (PDF) Accedi alla cartella stampa:\u00a0 Giornata Mondiale _2018_Comunicato- stampa ; Il Re Del Mercato_GM-2018 ; Dossier_Temple_Grandin Venerdi 13 aprile GranRex Locarno \u00a0 \u00a0 14.00-16.30 &#8220;Temple Grandin. Il mondo ha bisogno di tutti i tipi di mente&#8220;. Spettacolo teatrale, tavola rotonda e dibattito: riservato a studenti SUPSI-DEASS Formazione di &hellip; <a href=\"https:\/\/www.diversamente.ch\/index.php\/eventi\/giornata-mondiale-per-la-consapevolezza-dellautismo\/\" class=\"more-link\">Continue reading <span class=\"screen-reader-text\">3\u00b0 momento &#8211; Giornata mondiale 2018 per la consapevolezza dell&#8217;autismo<\/span><\/a><\/p>\n","protected":false},"author":3,"featured_media":0,"parent":9,"menu_order":0,"comment_status":"closed","ping_status":"closed","template":"","meta":{"footnotes":""},"_links":{"self":[{"href":"https:\/\/www.diversamente.ch\/index.php\/wp-json\/wp\/v2\/pages\/15"}],"collection":[{"href":"https:\/\/www.diversamente.ch\/index.php\/wp-json\/wp\/v2\/pages"}],"about":[{"href":"https:\/\/www.diversamente.ch\/index.php\/wp-json\/wp\/v2\/types\/page"}],"author":[{"embeddable":true,"href":"https:\/\/www.diversamente.ch\/index.php\/wp-json\/wp\/v2\/users\/3"}],"replies":[{"embeddable":true,"href":"https:\/\/www.diversamente.ch\/index.php\/wp-json\/wp\/v2\/comments?post=15"}],"version-history":[{"count":45,"href":"https:\/\/www.diversamente.ch\/index.php\/wp-json\/wp\/v2\/pages\/15\/revisions"}],"predecessor-version":[{"id":460,"href":"https:\/\/www.diversamente.ch\/index.php\/wp-json\/wp\/v2\/pages\/15\/revisions\/460"}],"up":[{"embeddable":true,"href":"https:\/\/www.diversamente.ch\/index.php\/wp-json\/wp\/v2\/pages\/9"}],"wp:attachment":[{"href":"https:\/\/www.diversamente.ch\/index.php\/wp-json\/wp\/v2\/media?parent=15"}],"curies":[{"name":"wp","href":"https:\/\/api.w.org\/{rel}","templated":true}]}}