{"id":467,"date":"2018-11-20T15:26:24","date_gmt":"2018-11-20T15:26:24","guid":{"rendered":"http:\/\/www.diversamente.ch\/?page_id=467"},"modified":"2024-03-21T10:02:42","modified_gmt":"2024-03-21T10:02:42","slug":"galleria-2018","status":"publish","type":"page","link":"https:\/\/www.diversamente.ch\/index.php\/galleria-2018\/","title":{"rendered":"Galleria minima 2018"},"content":{"rendered":"\n<h2 class=\"wp-block-heading\">&#8230;Diversamente ! 2018<\/h2>\n\n\n\n<p><a href=\"https:\/\/www.rsi.ch\/rete-due\/programmi\/cultura\/attualita-culturale\/Sguardi-diversi-sulla-diversit%C3%A0-10092581.html\"><em>&lt;Sguardi diversi sulle diversit\u00e0 &lt;attualit\u00e0 culturale del 4 marzo &#8211; RSIRete 2&gt;<\/em><\/a><\/p>\n\n\n\n<p><a href=\"https:\/\/adolfotomasini.ch\/wordpress\/?p=4191\">&lt;&#8220;Cose di scuola&#8221; dice della rassegna><\/a><\/p>\n\n\n\n<h5 class=\"wp-block-heading\"><strong>Prologo: Incontri di persone e di pensieri<\/strong><\/h5>\n\n\n\n<p><strong>27 febbraio 2018<\/strong> \/ SUPSI (DFA) Formazione Bachelor per docenti di Scuola dell&#8217;infanzia e di Scuola elementare (4\u00b0semestre)<\/p>\n\n\n\n<figure class=\"wp-block-image is-resized\"><img loading=\"lazy\" decoding=\"async\" width=\"300\" height=\"200\" src=\"http:\/\/www.diversamente.ch\/wp-content\/uploads\/2018\/11\/2018_02_27_RASSEGNA_DIVERSAMENTE-3-300x200.jpg\" alt=\"\" class=\"wp-image-529\" style=\"width:280px;height:auto\" srcset=\"https:\/\/www.diversamente.ch\/wp-content\/uploads\/2018\/11\/2018_02_27_RASSEGNA_DIVERSAMENTE-3-300x200.jpg 300w, https:\/\/www.diversamente.ch\/wp-content\/uploads\/2018\/11\/2018_02_27_RASSEGNA_DIVERSAMENTE-3-768x512.jpg 768w, https:\/\/www.diversamente.ch\/wp-content\/uploads\/2018\/11\/2018_02_27_RASSEGNA_DIVERSAMENTE-3-1024x683.jpg 1024w\" sizes=\"(max-width: 300px) 100vw, 300px\" \/><\/figure>\n\n\n\n<p class=\"has-text-align-center\"><\/p>\n\n\n\n<h6 class=\"wp-block-heading\">L&#8217;esperienza &#8220;raccontata&#8221;:<\/h6>\n\n\n\n<p class=\"has-text-align-center\"><a href=\"http:\/\/www.diversamente.ch\/wp-content\/uploads\/2018\/10\/OLTRE-LO-SGUARDO.pdf\">&lt;OLTRE LO SGUARDO<\/a> &gt;<\/p>\n\n\n\n<p class=\"has-text-align-center\"><em>Con un insicuro sorriso<\/em><\/p>\n\n\n\n<p class=\"has-text-align-center\"><em>Una sedia,<\/em><\/p>\n\n\n\n<p class=\"has-text-align-center\"><em>che come sedia non \u00e8 mai stata usata,<\/em><\/p>\n\n\n\n<p class=\"has-text-align-center\"><em>cos\u00ec come una voce<\/em><\/p>\n\n\n\n<p class=\"has-text-align-center\"><em>senza la possibilit\u00e0 di cantare<\/em><\/p>\n\n\n\n<p class=\"has-text-align-center\"><em>abbiamo accolto.<\/em><\/p>\n\n\n\n<p class=\"has-text-align-center\"><em>Incomprensione, rabbia e rifiuto<\/em><\/p>\n\n\n\n<p class=\"has-text-align-center\"><em>Inizialmente<\/em><\/p>\n\n\n\n<p class=\"has-text-align-center\"><em>Molte possibilit\u00e0<\/em><\/p>\n\n\n\n<p class=\"has-text-align-center\"><em>Al nostro sguardo han nascosto<\/em><\/p>\n\n\n\n<p class=\"has-text-align-center\"><em>E molte storie han cancellato.<\/em><\/p>\n\n\n\n<p class=\"has-text-align-center\"><em>Chiss\u00e0 quanti giorni felici abbiamo perso<\/em><\/p>\n\n\n\n<p class=\"has-text-align-center\"><em>Prima d\u2019imparare a veder senz\u2019occhi,<\/em><\/p>\n\n\n\n<p class=\"has-text-align-center\"><em>prima di riuscire ad aprire la nostra mente<\/em><\/p>\n\n\n\n<p class=\"has-text-align-center\"><em>alle risa e alla gioia.<\/em><\/p>\n\n\n\n<p class=\"has-text-align-center\"><em>Che seppur diverse da persona a persona<\/em><\/p>\n\n\n\n<p class=\"has-text-align-center\"><em>Fan tutte parte della stessa canzone.<\/em><\/p>\n\n\n\n<p class=\"has-text-align-right\">Alessandro Palmieri<\/p>\n\n\n\n<p class=\"has-text-align-right\">(studente portavoce di uno dei gruppi di lavoro)<\/p>\n\n\n\n<p><strong>Sabato 3 marzo 2018<\/strong><\/p>\n\n\n\n<h5 class=\"wp-block-heading\">Incontrare l&#8217;altro nell&#8217;arte: approcci critici delle diversit\u00e0<\/h5>\n\n\n\n<figure class=\"wp-block-image is-resized\"><img loading=\"lazy\" decoding=\"async\" width=\"300\" height=\"225\" src=\"http:\/\/www.diversamente.ch\/wp-content\/uploads\/2018\/04\/2018_03_03_RASSEGNA_DIVERSAMENTE-38-300x225.jpg\" alt=\"\" class=\"wp-image-424\" style=\"width:384px;height:auto\" srcset=\"https:\/\/www.diversamente.ch\/wp-content\/uploads\/2018\/04\/2018_03_03_RASSEGNA_DIVERSAMENTE-38-300x225.jpg 300w, https:\/\/www.diversamente.ch\/wp-content\/uploads\/2018\/04\/2018_03_03_RASSEGNA_DIVERSAMENTE-38-768x576.jpg 768w, https:\/\/www.diversamente.ch\/wp-content\/uploads\/2018\/04\/2018_03_03_RASSEGNA_DIVERSAMENTE-38-1024x768.jpg 1024w, https:\/\/www.diversamente.ch\/wp-content\/uploads\/2018\/04\/2018_03_03_RASSEGNA_DIVERSAMENTE-38.jpg 1280w\" sizes=\"(max-width: 300px) 100vw, 300px\" \/><\/figure>\n\n\n\n<p class=\"has-text-align-center\">(Tavola rotonda) &#8211; 3 marzo 2018 \/ Aula Magna SUPSI (DFA)<\/p>\n\n\n\n<h5 class=\"wp-block-heading\">Concerto delle orchestre sinfoniche <em><a href=\"http:\/\/www.lanotainpiu.it\/?p=1546\">La nota in Pi\u00f9.<\/a>&nbsp;<\/em><\/h5>\n\n\n\n<figure class=\"wp-block-image is-resized\"><img loading=\"lazy\" decoding=\"async\" width=\"120\" height=\"85\" src=\"http:\/\/www.diversamente.ch\/wp-content\/uploads\/2018\/02\/thumb_Orchestra.png\" alt=\"\" class=\"wp-image-239\" style=\"width:238px;height:auto\"\/><\/figure>\n\n\n\n<p>Musiche di Orff, Beethoven, Stravinskij e Gershwin \/ Chiesa di S. Francesco, Locarno<\/p>\n\n\n\n<figure class=\"wp-block-image\"><img loading=\"lazy\" decoding=\"async\" width=\"300\" height=\"194\" src=\"http:\/\/www.diversamente.ch\/wp-content\/uploads\/2018\/03\/03032018-1-300x194.png\" alt=\"\" class=\"wp-image-387\" srcset=\"https:\/\/www.diversamente.ch\/wp-content\/uploads\/2018\/03\/03032018-1-300x194.png 300w, https:\/\/www.diversamente.ch\/wp-content\/uploads\/2018\/03\/03032018-1-768x497.png 768w, https:\/\/www.diversamente.ch\/wp-content\/uploads\/2018\/03\/03032018-1.png 992w\" sizes=\"(max-width: 300px) 100vw, 300px\" \/><\/figure>\n\n\n\n<figure class=\"wp-block-image\"><img loading=\"lazy\" decoding=\"async\" width=\"300\" height=\"209\" src=\"http:\/\/www.diversamente.ch\/wp-content\/uploads\/2018\/03\/IMG_9111-1-300x209.jpg\" alt=\"\" class=\"wp-image-385\" srcset=\"https:\/\/www.diversamente.ch\/wp-content\/uploads\/2018\/03\/IMG_9111-1-300x209.jpg 300w, https:\/\/www.diversamente.ch\/wp-content\/uploads\/2018\/03\/IMG_9111-1-768x535.jpg 768w, https:\/\/www.diversamente.ch\/wp-content\/uploads\/2018\/03\/IMG_9111-1-1024x713.jpg 1024w\" sizes=\"(max-width: 300px) 100vw, 300px\" \/><\/figure>\n\n\n\n<figure class=\"wp-block-image\"><img loading=\"lazy\" decoding=\"async\" width=\"300\" height=\"211\" src=\"http:\/\/www.diversamente.ch\/wp-content\/uploads\/2018\/03\/03032018-2-300x211.png\" alt=\"\" class=\"wp-image-389\" srcset=\"https:\/\/www.diversamente.ch\/wp-content\/uploads\/2018\/03\/03032018-2-300x211.png 300w, https:\/\/www.diversamente.ch\/wp-content\/uploads\/2018\/03\/03032018-2-768x541.png 768w, https:\/\/www.diversamente.ch\/wp-content\/uploads\/2018\/03\/03032018-2-1024x721.png 1024w, https:\/\/www.diversamente.ch\/wp-content\/uploads\/2018\/03\/03032018-2.png 1138w\" sizes=\"(max-width: 300px) 100vw, 300px\" \/><\/figure>\n\n\n\n<h5 class=\"wp-block-heading\"><strong>Inaugurazione ufficiale della Rassegna 2018 <\/strong><\/h5>\n\n\n\n<p><strong>Chiesa S.Francescao Locarno<\/strong> &#8211; Alla presenza del Sindaco della Citt\u00e0 di Locarno Alain Scherrer, del Direttore del Dipartimento dell\u2019educazione, della cultura e dello sport (DECS) Manuele Bertoli, dell\u2019Assessore all\u2019inclusione sociale del comune di Bergamo e responsabile scientifica dell\u2019associazione Spazio Autismo, Maria Carla Marchesi, di Loretta Guerrini per la Fondazione Filmagogia, della madrina e dei curatori della Rassegna.<\/p>\n\n\n<div class=\"wp-block-image\">\n<figure class=\"aligncenter\"><img loading=\"lazy\" decoding=\"async\" width=\"300\" height=\"195\" src=\"http:\/\/www.diversamente.ch\/wp-content\/uploads\/2018\/03\/03032018-3-300x195.png\" alt=\"\" class=\"wp-image-391\" srcset=\"https:\/\/www.diversamente.ch\/wp-content\/uploads\/2018\/03\/03032018-3-300x195.png 300w, https:\/\/www.diversamente.ch\/wp-content\/uploads\/2018\/03\/03032018-3.png 717w\" sizes=\"(max-width: 300px) 100vw, 300px\" \/><\/figure><\/div>\n\n\n<p><strong>13 e 14 aprile 2018<\/strong><\/p>\n\n\n\n<h5 class=\"wp-block-heading\">Giornata mondiale 2018 per la consapevolezza dell\u2019autismo<\/h5>\n\n\n\n<figure class=\"wp-block-image\"><img decoding=\"async\" src=\"http:\/\/www.diversamente.ch\/wp-content\/uploads\/2018\/02\/thumb_temple_D.png\" alt=\"\" class=\"wp-image-298\"\/><\/figure>\n\n\n\n<figure class=\"wp-block-image is-resized\"><img loading=\"lazy\" decoding=\"async\" width=\"211\" height=\"300\" src=\"http:\/\/www.diversamente.ch\/wp-content\/uploads\/2018\/02\/thumb_grandin-211x300.png\" alt=\"\" class=\"wp-image-246\" style=\"width:312px;height:auto\" srcset=\"https:\/\/www.diversamente.ch\/wp-content\/uploads\/2018\/02\/thumb_grandin-211x300.png 211w, https:\/\/www.diversamente.ch\/wp-content\/uploads\/2018\/02\/thumb_grandin.png 501w\" sizes=\"(max-width: 211px) 100vw, 211px\" \/><\/figure>\n\n\n\n<figure class=\"wp-block-image is-resized\"><img loading=\"lazy\" decoding=\"async\" width=\"229\" height=\"300\" src=\"http:\/\/www.diversamente.ch\/wp-content\/uploads\/2018\/02\/thumb_giornataAutismo-229x300.png\" alt=\"\" class=\"wp-image-245\" style=\"width:307px;height:auto\" srcset=\"https:\/\/www.diversamente.ch\/wp-content\/uploads\/2018\/02\/thumb_giornataAutismo-229x300.png 229w, https:\/\/www.diversamente.ch\/wp-content\/uploads\/2018\/02\/thumb_giornataAutismo.png 317w\" sizes=\"(max-width: 229px) 100vw, 229px\" \/><\/figure>\n\n\n\n<p><strong><em>Dibattito \u2026 DIVERSAMENTE!<\/em> Interventi di<\/strong> Lucio Cottini, Professore ordinario di Didattica e Pedagogia speciale presso l&#8217;Universit\u00e0 di Urbino; dei capi delle Sezioni Scuole comunali e Pedagogia speciale del DECS, Rezio Sisini e Massimo Scarpa, di Mattia Mengoni (direttore Istituto Miralago e rappresentante ATIS) e Claudio Cattaneo (direttore ARES).<\/p>\n\n\n<div class=\"wp-block-image\">\n<figure class=\"alignleft\"><img loading=\"lazy\" decoding=\"async\" width=\"300\" height=\"225\" src=\"http:\/\/www.diversamente.ch\/wp-content\/uploads\/2018\/11\/IMG_9331-300x225.jpg\" alt=\"\" class=\"wp-image-548\" srcset=\"https:\/\/www.diversamente.ch\/wp-content\/uploads\/2018\/11\/IMG_9331-300x225.jpg 300w, https:\/\/www.diversamente.ch\/wp-content\/uploads\/2018\/11\/IMG_9331.jpg 640w\" sizes=\"(max-width: 300px) 100vw, 300px\" \/><\/figure><\/div>\n\n\n<p>Clarissa Tami introduce &#8220;<strong><em>Il Re del Mercato&#8221;<\/em> (<\/strong>DVD, libro e tutorial) a cura di Fondazione ARES e Fondazione ANAWIM e la cerimonia di <em>dono del &#8220;Cofanetto&#8221;<\/em> alle scuole elementari e medie del Canton Ticino e del Grigioni Italiano.<\/p>\n\n\n\n<figure class=\"wp-block-image\"><img loading=\"lazy\" decoding=\"async\" width=\"211\" height=\"300\" src=\"http:\/\/www.diversamente.ch\/wp-content\/uploads\/2018\/02\/Il-re-del-mercato_Locandina-211x300.jpg\" alt=\"\" class=\"wp-image-331\" srcset=\"https:\/\/www.diversamente.ch\/wp-content\/uploads\/2018\/02\/Il-re-del-mercato_Locandina-211x300.jpg 211w, https:\/\/www.diversamente.ch\/wp-content\/uploads\/2018\/02\/Il-re-del-mercato_Locandina.jpg 351w\" sizes=\"(max-width: 211px) 100vw, 211px\" \/><\/figure>\n\n\n\n<p class=\"has-text-align-center\"><\/p>\n\n\n\n<h5 class=\"wp-block-heading\">Chiusura della giornata<\/h5>\n\n\n\n<p>Performances Musicali delle Band D\u2019Eben-H\u00e9zer (Lausanne)&nbsp; e Ninfea Blues Band (Sorengo)<\/p>\n\n\n<div class=\"wp-block-image\">\n<figure class=\"alignleft\"><img loading=\"lazy\" decoding=\"async\" width=\"300\" height=\"225\" src=\"http:\/\/www.diversamente.ch\/wp-content\/uploads\/2018\/11\/IMG_9318-300x225.jpg\" alt=\"\" class=\"wp-image-547\" srcset=\"https:\/\/www.diversamente.ch\/wp-content\/uploads\/2018\/11\/IMG_9318-300x225.jpg 300w, https:\/\/www.diversamente.ch\/wp-content\/uploads\/2018\/11\/IMG_9318.jpg 640w\" sizes=\"(max-width: 300px) 100vw, 300px\" \/><\/figure><\/div>\n\n\n<figure class=\"wp-block-image\"><img loading=\"lazy\" decoding=\"async\" width=\"300\" height=\"225\" src=\"http:\/\/www.diversamente.ch\/wp-content\/uploads\/2018\/11\/IMG_9336-1-300x225.jpg\" alt=\"\" class=\"wp-image-550\" srcset=\"https:\/\/www.diversamente.ch\/wp-content\/uploads\/2018\/11\/IMG_9336-1-300x225.jpg 300w, https:\/\/www.diversamente.ch\/wp-content\/uploads\/2018\/11\/IMG_9336-1.jpg 640w\" sizes=\"(max-width: 300px) 100vw, 300px\" \/><\/figure>\n\n\n\n<p>Considerazioni conclusive e saluti da parte della Citt\u00e0 di Locarno, del direttore del Dipartimento Formazione e apprendimento della SUPSI e del Dipartimento della Sanit\u00e0 e della Socialit\u00e0 (DSS) del cantone Ticino.<\/p>\n\n\n<div class=\"wp-block-image\">\n<figure class=\"alignleft\"><img loading=\"lazy\" decoding=\"async\" width=\"300\" height=\"225\" src=\"http:\/\/www.diversamente.ch\/wp-content\/uploads\/2018\/11\/IMG_9327-300x225.jpg\" alt=\"\" class=\"wp-image-546\" srcset=\"https:\/\/www.diversamente.ch\/wp-content\/uploads\/2018\/11\/IMG_9327-300x225.jpg 300w, https:\/\/www.diversamente.ch\/wp-content\/uploads\/2018\/11\/IMG_9327.jpg 640w\" sizes=\"(max-width: 300px) 100vw, 300px\" \/><\/figure><\/div>\n\n\n<p class=\"has-text-align-center\"><\/p>\n\n\n\n<h5 class=\"wp-block-heading\"><img loading=\"lazy\" decoding=\"async\" class=\"alignnone size-medium wp-image-470\" src=\"http:\/\/www.diversamente.ch\/wp-content\/uploads\/2018\/10\/UNADJUSTEDNONRAW_thumb_cc6-300x169.jpg\" alt=\"\" width=\"300\" height=\"169\" srcset=\"https:\/\/www.diversamente.ch\/wp-content\/uploads\/2018\/10\/UNADJUSTEDNONRAW_thumb_cc6-300x169.jpg 300w, https:\/\/www.diversamente.ch\/wp-content\/uploads\/2018\/10\/UNADJUSTEDNONRAW_thumb_cc6-768x432.jpg 768w, https:\/\/www.diversamente.ch\/wp-content\/uploads\/2018\/10\/UNADJUSTEDNONRAW_thumb_cc6-1024x576.jpg 1024w, https:\/\/www.diversamente.ch\/wp-content\/uploads\/2018\/10\/UNADJUSTEDNONRAW_thumb_cc6.jpg 1182w\" sizes=\"(max-width: 300px) 100vw, 300px\" \/><\/h5>\n\n\n\n<h5 class=\"wp-block-heading\">Premio 2018 Cinema e Salute \/ Filmagogia<\/h5>\n\n\n\n<figure class=\"wp-block-image\"><img loading=\"lazy\" decoding=\"async\" width=\"300\" height=\"152\" src=\"http:\/\/www.diversamente.ch\/wp-content\/uploads\/2018\/11\/Locarno_2018_Salute-1-300x152.jpg\" alt=\"\" class=\"wp-image-552\" srcset=\"https:\/\/www.diversamente.ch\/wp-content\/uploads\/2018\/11\/Locarno_2018_Salute-1-300x152.jpg 300w, https:\/\/www.diversamente.ch\/wp-content\/uploads\/2018\/11\/Locarno_2018_Salute-1-768x389.jpg 768w, https:\/\/www.diversamente.ch\/wp-content\/uploads\/2018\/11\/Locarno_2018_Salute-1-1024x518.jpg 1024w, https:\/\/www.diversamente.ch\/wp-content\/uploads\/2018\/11\/Locarno_2018_Salute-1.jpg 1280w\" sizes=\"(max-width: 300px) 100vw, 300px\" \/><\/figure>\n","protected":false},"excerpt":{"rendered":"<p>&#8230;Diversamente ! 2018 &lt;Sguardi diversi sulle diversit\u00e0 &lt;attualit\u00e0 culturale del 4 marzo &#8211; RSIRete 2&gt; &lt;&#8220;Cose di scuola&#8221; dice della rassegna> Prologo: Incontri di persone e di pensieri 27 febbraio 2018 \/ SUPSI (DFA) Formazione Bachelor per docenti di Scuola dell&#8217;infanzia e di Scuola elementare (4\u00b0semestre) L&#8217;esperienza &#8220;raccontata&#8221;: &lt;OLTRE LO SGUARDO &gt; Con un insicuro &hellip; <a href=\"https:\/\/www.diversamente.ch\/index.php\/galleria-2018\/\" class=\"more-link\">Continue reading <span class=\"screen-reader-text\">Galleria minima 2018<\/span><\/a><\/p>\n","protected":false},"author":3,"featured_media":0,"parent":0,"menu_order":0,"comment_status":"closed","ping_status":"closed","template":"","meta":{"footnotes":""},"_links":{"self":[{"href":"https:\/\/www.diversamente.ch\/index.php\/wp-json\/wp\/v2\/pages\/467"}],"collection":[{"href":"https:\/\/www.diversamente.ch\/index.php\/wp-json\/wp\/v2\/pages"}],"about":[{"href":"https:\/\/www.diversamente.ch\/index.php\/wp-json\/wp\/v2\/types\/page"}],"author":[{"embeddable":true,"href":"https:\/\/www.diversamente.ch\/index.php\/wp-json\/wp\/v2\/users\/3"}],"replies":[{"embeddable":true,"href":"https:\/\/www.diversamente.ch\/index.php\/wp-json\/wp\/v2\/comments?post=467"}],"version-history":[{"count":27,"href":"https:\/\/www.diversamente.ch\/index.php\/wp-json\/wp\/v2\/pages\/467\/revisions"}],"predecessor-version":[{"id":1489,"href":"https:\/\/www.diversamente.ch\/index.php\/wp-json\/wp\/v2\/pages\/467\/revisions\/1489"}],"wp:attachment":[{"href":"https:\/\/www.diversamente.ch\/index.php\/wp-json\/wp\/v2\/media?parent=467"}],"curies":[{"name":"wp","href":"https:\/\/api.w.org\/{rel}","templated":true}]}}